he prime factors of h(l).
2, 31
Let b(u) = 2*u**2 + 38*u + 41. Let m be b(-18). Suppose -4*x + 936 = m*x. List the prime factors of x.
2, 13
Let r = 451 - 59. What are the prime factors of r?
2, 7
Let b(d) = -211*d**3 + 4*d**2 + d. What are the prime factors of b(-1)?
2, 107
Suppose -5*l + 2698 = -d, -10*l = -8*l + 3*d - 1086. List the prime factors of l.
2, 3, 5
Let h be 0*(0 + 3/2 + -2). Suppose 541 = 3*t - 4*f, -2*t = -h*f - 5*f - 370. List the prime factors of t.
5, 7
Let x = -34 - -136. List the prime factors of -4 - x/4*56/(-12).
5, 23
Suppose -5 = 7*m + 58. What are the prime factors of m/(3/(-5*3))?
3, 5
Let d(z) = -100*z - 38. Let w be d(-5). Let j = w + -217. What are the prime factors of j?
5, 7
Let d(b) = -4*b + 109. List the prime factors of d(-17).
3, 59
Let o(i) = i**3 + 5*i**2 + 3*i - 4. Let r be o(-4). Suppose r*p - 2*p = 20. What are the prime factors of 137/5 - p/(-25)?
3
Suppose 10*c + 25 = 5*c. Let i = 8 + c. What are the prime factors of i*((-32)/6)/(-1)?
2
List the prime factors of (-152)/(-24)*(555 + 15).
2, 5, 19
Let j(n) = 6*n**2 - n - 1. Let o be j(-1). List the prime factors of 28/o*30/7.
2, 5
Suppose r + 2*r + 3*w = 2079, -1 = -w. Suppose r - 272 = 5*a. Suppose 5*u = 111 + a. List the prime factors of u.
3, 13
Let m(n) = -348*n - 15. What are the prime factors of m(-1)?
3, 37
Suppose -a + 23 = -18. Let d(l) = 39 - 10*l + 2*l - a. List the prime factors of d(-9).
2, 5, 7
Suppose 2*w + 0 = 10. Suppose w*q - q = 12. Suppose 0 = -v - q*t + 12, 4*v - 3*t - 157 = -34. What are the prime factors of v?
3
Let i be (-1704)/9*3/(-2). Suppose 3*f + 3*q + 2*q - 427 = 0, -3*q + i = 2*f. Suppose f = 4*a - 25. List the prime factors of a.
41
Let k(g) = g**2 - 3*g - 2. Let v be k(5). Suppose -140 = -2*l - f, f = -f - v. List the prime factors of l.
2, 3
Suppose -5 - 53 = -2*b. Suppose -b*a = -24*a - 825. List the prime factors of a.
3, 5, 11
Suppose 4*a - 1 = 3*p, -2*a - a + 2*p + 2 = 0. Suppose -x = -a*r - 42, -2*r + 52 = x - r. What are the prime factors of x?
2, 5
Suppose -5*v - 266 = -956. List the prime factors of v.
2, 3, 23
Let j = -28 + 31. Let y(m) = 4*m**2 - 5*m + 10. List the prime factors of y(j).
31
Let a be 4 + -4 - -2 - 7. Let t = -2 - a. Suppose -116 = -t*h + 40. List the prime factors of h.
2, 13
Let n(k) = k**3 - 2*k**2 - 3*k - 2. Let z be n(3). Let y be 156/z*13/(-26). Suppose -2*a + 3*j + 60 = 4*j, -a + 4*j = -y. What are the prime factors of a?
31
Suppose 275 = -5*j - 2*k - 3*k, 0 = -3*k - 6. Let a = j - -163. List the prime factors of a.
2, 5, 11
Let v(h) be the first derivative of 11*h**2/2 - 22*h - 19. List the prime factors of v(8).
2, 3, 11
Suppose 14*w = 8*w + 9378. List the prime factors of w.
3, 521
Let l(j) = -4*j**2 - 14*j - 21. Let c(h) = -h**2 + 1. Let u(v) = -3*c(v) + l(v). What are the prime factors of u(-11)?
3
List the prime factors of (142 - -28)*29/(-2)*-1.
5, 17, 29
Suppose -50*q = -51*q + 216. List the prime factors of q.
2, 3
Let g(f) = -f**3 + 10*f**2 + 24*f. Let l be g(12). Suppose l = 7*d - 289 + 30. List the prime factors of d.
37
Let w(i) = 1641*i + 48. List the prime factors of w(1).
3, 563
Suppose 5*o - 3755 = -5*f, -2*o - f + 4*f + 1517 = 0. List the prime factors of o.
2, 13, 29
Let j = 1399 + 573. What are the prime factors of j?
2, 17, 29
Let p(g) = -15*g**3 + g**2 - 3*g - 3. Let x be p(-1). What are the prime factors of 12/x*-1*8*-17?
2, 3, 17
Suppose 2*g + 0 = x + 5, 5*g + x - 9 = 0. Let f be 9/g*(-8)/(-12). Suppose -3*i = 2*s - 6*i - 61, -f*s - i = -75. What are the prime factors of s?
2, 13
Let a be (-7)/49 - (1 - (-506)/(-14)). Suppose 0 = a*c - 31*c - 560. What are the prime factors of c?
2, 5, 7
Suppose 0 = a + 3*a - 3*s, -2*a = -s. Suppose -2*m + a = -70. What are the prime factors of m?
5, 7
Let d(k) = -3*k + 2*k + 2 - 3. Let m be d(-3). What are the prime factors of m*(1 - 33/(-6))?
13
Let z be 4*(-4)/(-32)*0. Let n = 16 + -11. Suppose -2*f - n*j + 7 + 17 = 0, -5*f - 5*j + 90 = z. List the prime factors of f.
2, 11
What are the prime factors of (-14763)/(-27) - (-13)/((-468)/(-8))?
547
What are the prime factors of -3*7/(-21)*-2 + 2062?
2, 5, 103
Let q(s) = s**3 + 9*s**2 - 12*s - 15. Let u be q(-10). Suppose -2*i = 3*i - u. What are the prime factors of (-4 + i)*(-4)/3?
2
Let u(z) = -2*z**2 + 3*z**2 + 7*z - 11*z + 7*z - 5. What are the prime factors of u(4)?
23
Let y be 4 + -3 - -1 - 0. Suppose i + y*v - 35 = 0, -i = -5*v - 21 - 49. List the prime factors of i.
3, 5
Let n(r) = r**3 + 8*r**2 - 5*r. Let u be n(-7). Suppose 4*s = 424 - u. Suppose -s = -4*c - c. What are the prime factors of c?
17
Let s be (-5 + -1)/(-3) - -174. Let l be (-7375)/(-30) + (-1)/(-6). Suppose -4*f + 2*j + s = 0, -j - 64 + l = 4*f. What are the prime factors of f?
3, 5
What are the prime factors of (-96992)/(-91) + (-4)/(-26)?
2, 13, 41
Let b be (-48)/(-26) + (-8)/(-52). Let w(r) = -r**2 + 4*r - 4. Let j be w(b). Suppose j = -8*n + 10*n - 54. What are the prime factors of n?
3
Suppose -4*w = -w + 333. Suppose -320 + 2 = 2*g. Let o = w - g. List the prime factors of o.
2, 3
Let c(d) = -d**2 + 8*d - 10. Let p be c(5). Suppose -175 = -2*n + 3*q, -4*q + 245 = 3*n - p*q. What are the prime factors of n?
2, 5
Let w(z) = -46*z**3 + 6*z**2 + 17*z - 5. List the prime factors of w(-3).
2, 5, 31
Let r = 167 + -116. List the prime factors of r.
3, 17
Suppose 5*l - 15 = 5*d, 4*d = l + 14 - 2. Suppose -3*w + l*w + 90 = 0. What are the prime factors of (-12)/w*33*2?
2, 11
Let b(l) = l**3 + 6*l**2 + 4*l + 5. Let w be b(-5). Let a be 2/(-11) + (-158)/(-22). Let i = w - a. List the prime factors of i.
3
Suppose -w = 69 - 59. Let b(f) = -12*f + 3. List the prime factors of b(w).
3, 41
Let r(p) = p**2 + p - 2. Let z be r(-5). Let g = z - 13. Suppose -3*u - 28 = g*q - 145, -3*u + 12 = 0. List the prime factors of q.
3, 7
Let u(n) = -125*n + 37. Let m be u(-3). Let v = m - 122. List the prime factors of v.
2, 5, 29
Let c(s) = -3*s**2 + 2*s - 2. Let i be c(1). Let r be (6 - 6) + i/(-1). Suppose -d + 4*o = -37, -r*d = 2*o + o - 81. What are the prime factors of d?
29
Suppose 130*b - 56378 = 116*b. List the prime factors of b.
4027
Let x(f) be the third derivative of 0 + 1/6*f**3 + 0*f + 7/20*f**5 + 1/8*f**4 + 8*f**2. List the prime factors of x(-1).
19
Let b = 2886 - -532. What are the prime factors of b?
2, 1709
Let a = -334 - -1199. List the prime factors of a.
5, 173
Let c(m) = -5*m - 21. Suppose -2*g - 4*h = 30, 4*h + 8 = -4. List the prime factors of c(g).
2, 3
Let y be 0/(1 - (5 - 5)). What are the prime factors of -1 - y - (-8)/((-64)/(-1176))?
2, 73
Let g(f) = 33*f**2 + 1. Let j be g(-1). Suppose 3*o + 5*p = -8, -5*o + o - j = -5*p. What are the prime factors of 2/(-3)*o + 2?
2, 3
Let v be (3/(-9))/(3/(-27)). Suppose s - v*j + j + 12 = 0, 5*s = -2*j. What are the prime factors of 5*s/(-8)*16?
2, 5
Let u(b) = -11*b**2 - 2*b + 3. Let n be u(2). Let w(z) = -z**3 + 3*z**2 + 3*z - 2. Let r be w(-4). Let h = r + n. What are the prime factors of h?
53
Suppose -3*j + 8279 = -2*r + r, -3*r + 8271 = 3*j. What are the prime factors of j?
31, 89
Let n = 2 - -7. Let b(y) = 8*y**2 - 6*y**2 - 2*y**2 + 1 + 7*y - n*y**2 - y**3. List the prime factors of b(-10).
31
Suppose 3*b + b - 8443 = -5*z, 0 = -5*z - 2*b + 8449. What are the prime factors of z?
19, 89
Suppose -4*s + 1304 = -5*x, -620 - 361 = -3*s + 3*x. What are the prime factors of s?
331
Suppose -1465 - 4032 = -2*k + 3*p, 13729 = 5*k - 3*p. List the prime factors of k.
2, 7
Suppose 0 = 2*f, 0 = -3*w + f + 2 + 4. Let t be 4 + -1*(-4)/w. List the prime factors of (-18)/27 - (-28)/t.
2
Let y(q) = q**3 - 4*q**2 - 4*q + 3. Let n be y(5). Let m = -5 + n. Suppose 5*f = -3*a + 104, m*a - 15 - 1 = -f. List the prime factors of f.
2, 11
Suppose 132*h - 2640 = 128*h. List the prime factors of h.
2, 3, 5, 11
Suppose 2*t - 5 = 5*o - t, 5*o + t - 15 = 0. What are the prime factors of o*(3 - (-6)/(-4))?
3
Let n be ((-520)/(-15))/(6/(-27)). Let u = -88 - n. What are the prime factors of u?
2, 17
Suppose n + 0*n = 5. Let i be (-6)/n*30/(-12). Suppose 0*l - 39 = -i*l. What are the prime factors of l?
13
Suppose 3*v + 3 = -2*n, -3*n - 2*n = v + 1. Let y(j) = -j + 9 - j**2 + 2*j**2 - 4 + 20. List the prime factors of y(n).
5
Suppose -2*u + 116 = -0*d + 3*d, 5*d + 2*u - 188 = 0. Suppose